{"id":629,"date":"2026-05-05T02:14:15","date_gmt":"2026-05-05T02:14:15","guid":{"rendered":"https:\/\/institutouda.edu.ar\/?page_id=629"},"modified":"2026-05-05T17:51:22","modified_gmt":"2026-05-05T17:51:22","slug":"actualizacion-academica-en-educacion-y-tic-el-uso-de-materiales-digitales-para-la-ensenanza","status":"publish","type":"page","link":"https:\/\/institutouda.edu.ar\/?page_id=629","title":{"rendered":"Actualizaci\u00f3n acad\u00e9mica en Educaci\u00f3n y TIC: el uso de materiales digitales para la ense\u00f1anza"},"content":{"rendered":"<p>[et_pb_section fb_built=\u00bb1&#8243; admin_label=\u00bbHeader\u00bb _builder_version=\u00bb4.21.0&#8243; _module_preset=\u00bbdefault\u00bb custom_margin_tablet=\u00bb121px||||false|false\u00bb custom_margin_phone=\u00bb130px||||false|false\u00bb custom_margin_last_edited=\u00bbon|tablet\u00bb custom_padding=\u00bb0px||0px||true|false\u00bb global_colors_info=\u00bb{}\u00bb][et_pb_row column_structure=\u00bb1_2,1_2&#8243; _builder_version=\u00bb4.16&#8243; _module_preset=\u00bbdefault\u00bb custom_padding=\u00bb0px||0px||true|false\u00bb global_colors_info=\u00bb{}\u00bb][et_pb_column type=\u00bb1_2&#8243; _builder_version=\u00bb4.16&#8243; _module_preset=\u00bbdefault\u00bb custom_padding=\u00bb150px||||false|false\u00bb custom_padding_tablet=\u00bb30px||||false|false\u00bb custom_padding_phone=\u00bb20px||||false|false\u00bb custom_padding_last_edited=\u00bbon|phone\u00bb global_colors_info=\u00bb{}\u00bb][et_pb_text _builder_version=\u00bb4.21.0&#8243; _module_preset=\u00bbe598b17a-9229-42f6-b238-019d6094332e\u00bb text_text_color=\u00bb#f5c966&#8243; header_font=\u00bbRoboto|500|||||||\u00bb header_text_color=\u00bb#f5c966&#8243; header_font_size=\u00bb44px\u00bb header_line_height=\u00bb1.15em\u00bb custom_margin=\u00bb-128px|||||\u00bb header_font_size_tablet=\u00bb40px\u00bb header_font_size_phone=\u00bb24px\u00bb header_font_size_last_edited=\u00bbon|desktop\u00bb locked=\u00bboff\u00bb global_colors_info=\u00bb{}\u00bb]<\/p>\n<h1>Actualizaci\u00f3n acad\u00e9mica en Educaci\u00f3n y TIC: el uso de materiales digitales para la ense\u00f1anza<\/h1>\n<p>[\/et_pb_text][dsm_icon_list _builder_version=\u00bb4.21.0&#8243; _module_preset=\u00bbdefault\u00bb global_colors_info=\u00bb{}\u00bb][\/dsm_icon_list][et_pb_text _builder_version=\u00bb4.21.0&#8243; _module_preset=\u00bbdefault\u00bb custom_margin=\u00bb-21px||||false|false\u00bb hover_enabled=\u00bb0&#8243; global_colors_info=\u00bb{}\u00bb sticky_enabled=\u00bb0&#8243;]<\/p>\n<p>Esta propuesta est\u00e1 orientada a fortalecer la formaci\u00f3n de docentes que buscan integrar de manera cr\u00edtica y significativa las tecnolog\u00edas digitales en sus pr\u00e1cticas de ense\u00f1anza.<br \/>A lo largo del recorrido, se abordan lineamientos pedag\u00f3gicos y herramientas para el dise\u00f1o, producci\u00f3n y evaluaci\u00f3n de materiales educativos digitales, considerando los nuevos escenarios formativos caracterizados por la<br \/>articulaci\u00f3n entre presencialidad y virtualidad. La formaci\u00f3n promueve una mirada reflexiva sobre el uso de las tecnolog\u00edas, favoreciendo la innovaci\u00f3n y la mejora de las propuestas educativas.<br \/>Se prioriza el desarrollo de capacidades para dise\u00f1ar materiales digitales relevantes, implementar estrategias did\u00e1cticas con TIC y participar en proyectos educativos que integren herramientas tecnol\u00f3gicas, trabajo colaborativo y nuevas formas de ense\u00f1ar y aprender.<\/p>\n<p>[\/et_pb_text][\/et_pb_column][et_pb_column type=\u00bb1_2&#8243; _builder_version=\u00bb4.16&#8243; _module_preset=\u00bbdefault\u00bb global_colors_info=\u00bb{}\u00bb][et_pb_image src=\u00bbhttp:\/\/institutouda.edu.ar\/wp-content\/uploads\/2026\/05\/tic.png\u00bb title_text=\u00bbtic\u00bb _builder_version=\u00bb4.21.0&#8243; _module_preset=\u00bbdefault\u00bb background_enable_image=\u00bboff\u00bb custom_margin=\u00bb|-10vw|||false|false\u00bb custom_margin_tablet=\u00bb|0%|||false|false\u00bb custom_margin_phone=\u00bb\u00bb custom_margin_last_edited=\u00bbon|desktop\u00bb custom_padding=\u00bb0px||0%||false|false\u00bb custom_css_main_element=\u00bbmargin-top: 20px;||box-shadow: 0 0 20px #F5C966;||border-radius: 8px;\u00bb global_colors_info=\u00bb{}\u00bb][\/et_pb_image][\/et_pb_column][\/et_pb_row][\/et_pb_section][et_pb_section fb_built=\u00bb1&#8243; admin_label=\u00bbAbout\u00bb _builder_version=\u00bb4.21.0&#8243; _module_preset=\u00bbdefault\u00bb min_height=\u00bb511.2px\u00bb custom_margin=\u00bb||-7px||false|false\u00bb custom_margin_tablet=\u00bb||6px||false|false\u00bb custom_margin_phone=\u00bb||6px||false|false\u00bb custom_margin_last_edited=\u00bbon|tablet\u00bb custom_padding=\u00bb23px||23px||true|false\u00bb global_colors_info=\u00bb{}\u00bb][et_pb_row custom_padding_last_edited=\u00bbon|phone\u00bb _builder_version=\u00bb4.21.0&#8243; _module_preset=\u00bbdefault\u00bb background_color=\u00bb#FFFFFF\u00bb background_image=\u00bbhttp:\/\/institutouda.edu.ar\/wp-content\/uploads\/2023\/05\/high-school_34.png\u00bb background_size=\u00bbinitial\u00bb background_position=\u00bbtop_left\u00bb background_repeat=\u00bbrepeat-x\u00bb z_index=\u00bb500&#8243; min_height=\u00bb249.4px\u00bb custom_margin=\u00bb10px|auto|-3px|auto|false|false\u00bb custom_margin_tablet=\u00bb0px||||false|false\u00bb custom_margin_last_edited=\u00bboff|desktop\u00bb custom_padding=\u00bb29px|40px|29px|40px|true|true\u00bb custom_padding_tablet=\u00bb30px|30px|30px|30px|true|true\u00bb custom_padding_phone=\u00bb20px|20px|20px|20px|true|true\u00bb box_shadow_style=\u00bbpreset3&#8243; box_shadow_vertical=\u00bb60px\u00bb box_shadow_blur=\u00bb60px\u00bb box_shadow_spread=\u00bb0px\u00bb box_shadow_color=\u00bbrgba(14,15,43,0.1)\u00bb global_colors_info=\u00bb{}\u00bb][et_pb_column type=\u00bb4_4&#8243; _builder_version=\u00bb4.16&#8243; _module_preset=\u00bbdefault\u00bb global_colors_info=\u00bb{}\u00bb][et_pb_text _builder_version=\u00bb4.21.0&#8243; _module_preset=\u00bb7262e956-c376-4aa6-9642-c413f71527d0&#8243; text_line_height=\u00bb1.8em\u00bb min_height=\u00bb205.6px\u00bb custom_margin=\u00bb||2px|||\u00bb header_font_size_tablet=\u00bb55px\u00bb header_font_size_last_edited=\u00bboff|desktop\u00bb locked=\u00bboff\u00bb global_colors_info=\u00bb{}\u00bb]<\/p>\n<section>\n<h2 style=\"color: #1b5589; margin-bottom: 25px; margin-top: 50px;\"><strong>Preguntas frecuentes<\/strong><\/h2>\n<div style=\"display: flex; flex-direction: column; gap: 12px;\">\n<details class=\"faq-box\">\n<summary><strong>\u00bfCu\u00e1nto dura?<\/strong><\/summary>\n<div class=\"faq-answer\">\n<p>La propuesta tiene una duraci\u00f3n de 2 cuatrimestres.<\/p>\n<\/div>\n<\/details>\n<details class=\"faq-box\">\n<summary><strong>\u00bfCu\u00e1l es la modalidad de cursada?<\/strong><\/summary>\n<div class=\"faq-answer\">\n<p>La cursada es 100% asincr\u00f3nica y remota.<\/p>\n<\/div>\n<\/details>\n<details class=\"faq-box\">\n<summary><strong>\u00bfA qui\u00e9n est\u00e1 destinada esta propuesta?<\/strong><\/summary>\n<div class=\"faq-answer\">\n<p>Est\u00e1 dirigida a docentes de todas las \u00e1reas y niveles del sistema educativo.<\/p>\n<\/div>\n<\/details>\n<details class=\"faq-box\">\n<summary><strong>\u00bfCu\u00e1les son los requisitos de admisi\u00f3n?<\/strong><\/summary>\n<div class=\"faq-answer\">\n<p>Se requiere poseer t\u00edtulo docente de cualquier \u00e1rea y nivel o ser profesional\/t\u00e9cnico superior con formaci\u00f3n pedag\u00f3gica aprobada.<\/p>\n<\/div>\n<\/details>\n<details class=\"faq-box\">\n<summary><strong>\u00bfCu\u00e1l es el plan de estudios?<\/strong><\/summary>\n<div class=\"faq-answer\">\n<p>El trayecto se organiza en dos cuatrimestres:<\/p>\n<table class=\"faq-table\" style=\"height: 120px; width: 75%; margin-top: 15px;\">\n<tbody>\n<tr style=\"height: 24px;\">\n<th style=\"height: 24px; width: 177.711px;\">1.\u00b0 cuatrimestre<\/th>\n<th style=\"height: 24px; width: 234.289px;\">2.\u00b0 cuatrimestre<\/th>\n<\/tr>\n<tr class=\"faq-row-1\" style=\"height: 48px;\">\n<td style=\"height: 48px; width: 177.711px;\">Lineamientos y orientaciones<br \/>did\u00e1cticas en pr\u00e1cticas de ense\u00f1anza<br \/>mediadas por TIC<\/td>\n<td style=\"height: 48px; width: 234.289px;\">Producci\u00f3n de materiales digitales<br \/>para la ense\u00f1anza<\/td>\n<\/tr>\n<tr class=\"faq-row-2\" style=\"height: 48px;\">\n<td style=\"height: 48px; width: 177.711px;\">Ense\u00f1ar y aprender con materiales<br \/>educativos digitales<\/td>\n<td style=\"height: 48px; width: 234.289px;\">Proyecto de integraci\u00f3n final<\/td>\n<\/tr>\n<\/tbody>\n<\/table>\n<\/div>\n<\/details>\n<details class=\"faq-box\">\n<summary><strong>\u00bfOtorga puntaje docente?<\/strong><\/summary>\n<div class=\"faq-answer\">\n<p>Otorga 1 punto en el rubro <em>Otros t\u00edtulos<\/em> para todos los cargos de las distintas \u00e1reas y niveles del sistema educativo de la Ciudad Aut\u00f3noma de Buenos Aires.<\/p>\n<p>En otras jurisdicciones, cada interesado podr\u00e1 realizar el tr\u00e1mite de presentaci\u00f3n ante la autoridad competente, a fin de solicitar el reconocimiento del puntaje correspondiente.<\/p>\n<\/div>\n<\/details>\n<details class=\"faq-box\">\n<summary><strong>\u00bfCu\u00e1les son los aranceles?<\/strong><\/summary>\n<div class=\"faq-answer\">\n<p>Los <b>afiliados a UDA<\/b> cuentan con un precio diferencial de 1 matr\u00edcula y 8 cuotas de $ 45.000 cada una. <a href=\"https:\/\/www.sindicatouda.org.ar\/afiliacion.php\" target=\"_blank\" rel=\"noopener\"><strong>\u00a1Afiliate ahora!<\/strong><\/a><\/p>\n<p>Para el <b>p\u00fablico en general<\/b>, el valor es de 1 matr\u00edcula y 8 cuotas de $ 65.000 cada una.<\/p>\n<p><em><strong>Los valores informados son orientativos y sujetos a pr\u00f3xima confirmaci\u00f3n institucional.<\/strong><\/em><\/p>\n<\/div>\n<\/details>\n<\/div>\n<\/section>\n<p><!-- Separaci\u00f3n entre bloques --><\/p>\n<div style=\"margin-top: 25px;\"><\/div>\n<p><strong style=\"color: #1b5589; font-size: 26px; margin-bottom: 4px; display: block;\"><br \/>Inscripci\u00f3n<br \/><\/strong><\/p>\n<p style=\"font-size: 16px; margin-top: 4px; margin-bottom: 0;\"><a href=\"https:\/\/forms.gle\/2nTH5Ur3md3w3h4W7\" target=\"_blank\" style=\"font-size: 16px;\" rel=\"noopener\"><strong>Complet\u00e1 el formulario<\/strong><\/a><span style=\"font-size: 14px;\"> y asegur\u00e1 tu lugar. \u00a1No dejes pasar esta oportunidad!<br \/><\/span><strong style=\"font-size: 16px;\">Inicia el 26 de mayo.<\/strong><\/p>\n<p>[\/et_pb_text][\/et_pb_column][\/et_pb_row][\/et_pb_section][et_pb_section fb_built=\u00bb1&#8243; admin_label=\u00bbFooter\u00bb _builder_version=\u00bb4.21.0&#8243; _module_preset=\u00bbdefault\u00bb background_color=\u00bb#000000&#8243; width=\u00bb100%\u00bb min_height=\u00bb241.8px\u00bb custom_margin=\u00bb||||false|false\u00bb custom_margin_tablet=\u00bb3px||||false|false\u00bb custom_margin_phone=\u00bb3px||||false|false\u00bb custom_margin_last_edited=\u00bbon|phone\u00bb global_colors_info=\u00bb{}\u00bb][et_pb_row column_structure=\u00bb1_4,1_4,1_4,1_4&#8243; use_custom_gutter=\u00bbon\u00bb gutter_width=\u00bb1&#8243; make_equal=\u00bbon\u00bb _builder_version=\u00bb4.21.0&#8243; _module_preset=\u00bbdefault\u00bb max_width=\u00bb1440px\u00bb min_height=\u00bb164.1px\u00bb custom_margin=\u00bb-90px||||false|false\u00bb custom_margin_tablet=\u00bb-91px||||false|false\u00bb custom_margin_phone=\u00bb-91px||||false|false\u00bb custom_margin_last_edited=\u00bbon|tablet\u00bb custom_padding=\u00bb0px||0px||false|false\u00bb locked=\u00bboff\u00bb global_colors_info=\u00bb{}\u00bb][et_pb_column type=\u00bb1_4&#8243; _builder_version=\u00bb4.16&#8243; _module_preset=\u00bbdefault\u00bb background_color=\u00bb#F5C966&#8243; background_image=\u00bbhttp:\/\/institutouda.edu.ar\/wp-content\/uploads\/2023\/05\/high-school_17.png\u00bb background_size=\u00bbinitial\u00bb background_position=\u00bbtop_right\u00bb background_repeat=\u00bbrepeat-y\u00bb custom_padding=\u00bb40px|40px|40px|20px|true|false\u00bb custom_padding_tablet=\u00bb40px||40px||true|false\u00bb custom_padding_phone=\u00bb30px|20px|30px|20px|true|true\u00bb custom_padding_last_edited=\u00bboff|desktop\u00bb global_colors_info=\u00bb{}\u00bb][et_pb_text _builder_version=\u00bb4.16&#8243; _module_preset=\u00bb5c989a74-8649-4b9a-a4a2-6d2b8ae2551c\u00bb header_4_font=\u00bbRoboto|700||on|||||\u00bb header_4_text_color=\u00bbrgba(255,255,255,0.5)\u00bb header_4_font_size=\u00bb12px\u00bb header_4_letter_spacing=\u00bb3px\u00bb header_4_line_height=\u00bb1.5em\u00bb custom_margin=\u00bb||0px||false|false\u00bb custom_margin_tablet=\u00bb30px||||false|false\u00bb custom_margin_phone=\u00bb20px||||false|false\u00bb custom_margin_last_edited=\u00bboff|desktop\u00bb locked=\u00bboff\u00bb global_colors_info=\u00bb{}\u00bb]<\/p>\n<h4>DIRECCI\u00d3N<\/h4>\n<p>[\/et_pb_text][et_pb_text _builder_version=\u00bb4.21.0&#8243; _module_preset=\u00bbc2a3d585-c259-4e5a-8faa-710c0e634348&#8243; text_font=\u00bbRoboto|500|||||||\u00bb text_text_color=\u00bb#FFFFFF\u00bb text_font_size=\u00bb16px\u00bb text_line_height=\u00bb1.6em\u00bb header_5_text_color=\u00bb#FFFFFF\u00bb header_5_line_height=\u00bb1.8em\u00bb text_font_size_tablet=\u00bb15px\u00bb text_font_size_phone=\u00bb14px\u00bb text_font_size_last_edited=\u00bbon|desktop\u00bb header_font_size_tablet=\u00bb55px\u00bb header_font_size_last_edited=\u00bboff|desktop\u00bb locked=\u00bboff\u00bb global_colors_info=\u00bb{}\u00bb]<\/p>\n<p>Otamendi 32, (1424) Caballito, CABA<\/p>\n<p>[\/et_pb_text][\/et_pb_column][et_pb_column type=\u00bb1_4&#8243; _builder_version=\u00bb4.16&#8243; _module_preset=\u00bbdefault\u00bb background_color=\u00bb#F7827E\u00bb background_image=\u00bbhttp:\/\/institutouda.edu.ar\/wp-content\/uploads\/2023\/05\/high-school_17.png\u00bb background_size=\u00bbinitial\u00bb background_position=\u00bbtop_right\u00bb background_repeat=\u00bbrepeat-y\u00bb custom_padding=\u00bb40px|40px|40px|20px|true|false\u00bb global_colors_info=\u00bb{}\u00bb][et_pb_text _builder_version=\u00bb4.16&#8243; _module_preset=\u00bb5c989a74-8649-4b9a-a4a2-6d2b8ae2551c\u00bb header_4_font=\u00bbRoboto|700||on|||||\u00bb header_4_text_color=\u00bbrgba(255,255,255,0.5)\u00bb header_4_font_size=\u00bb12px\u00bb header_4_letter_spacing=\u00bb3px\u00bb header_4_line_height=\u00bb1.5em\u00bb custom_margin=\u00bb||0px||false|false\u00bb locked=\u00bboff\u00bb global_colors_info=\u00bb{}\u00bb]<\/p>\n<h4>EMAIL<\/h4>\n<p>[\/et_pb_text][et_pb_text _builder_version=\u00bb4.16&#8243; _module_preset=\u00bbc2a3d585-c259-4e5a-8faa-710c0e634348&#8243; text_font=\u00bbRoboto|500|||||||\u00bb text_text_color=\u00bb#FFFFFF\u00bb text_font_size=\u00bb16px\u00bb text_line_height=\u00bb1.6em\u00bb header_5_text_color=\u00bb#FFFFFF\u00bb header_5_line_height=\u00bb1.8em\u00bb text_font_size_tablet=\u00bb15px\u00bb text_font_size_phone=\u00bb14px\u00bb text_font_size_last_edited=\u00bbon|desktop\u00bb header_font_size_tablet=\u00bb55px\u00bb header_font_size_last_edited=\u00bboff|desktop\u00bb locked=\u00bboff\u00bb global_colors_info=\u00bb{}\u00bb]<\/p>\n<p><span style=\"color: #ffffff;\"><a href=\"mailto:info@institutouda.edu.ar\" style=\"color: #ffffff;\">info@institutouda.edu.ar<\/a><\/span><\/p>\n<p>[\/et_pb_text][\/et_pb_column][et_pb_column type=\u00bb1_4&#8243; _builder_version=\u00bb4.16&#8243; _module_preset=\u00bbdefault\u00bb background_color=\u00bb#1F3FA8&#8243; background_image=\u00bbhttp:\/\/institutouda.edu.ar\/wp-content\/uploads\/2023\/05\/high-school_17.png\u00bb background_size=\u00bbinitial\u00bb background_position=\u00bbtop_right\u00bb background_repeat=\u00bbrepeat-y\u00bb custom_padding=\u00bb40px|40px|40px|20px|true|false\u00bb global_colors_info=\u00bb{}\u00bb][et_pb_text _builder_version=\u00bb4.16&#8243; _module_preset=\u00bb5c989a74-8649-4b9a-a4a2-6d2b8ae2551c\u00bb header_4_font=\u00bbRoboto|700||on|||||\u00bb header_4_text_color=\u00bbrgba(255,255,255,0.5)\u00bb header_4_font_size=\u00bb12px\u00bb header_4_letter_spacing=\u00bb3px\u00bb header_4_line_height=\u00bb1.5em\u00bb custom_margin=\u00bb||0px||false|false\u00bb locked=\u00bboff\u00bb global_colors_info=\u00bb{}\u00bb]<\/p>\n<h4>TEL\u00c9FONO<\/h4>\n<p>[\/et_pb_text][et_pb_text _builder_version=\u00bb4.16&#8243; _module_preset=\u00bbc2a3d585-c259-4e5a-8faa-710c0e634348&#8243; text_font=\u00bbRoboto|500|||||||\u00bb text_text_color=\u00bb#FFFFFF\u00bb text_font_size=\u00bb16px\u00bb text_line_height=\u00bb1.6em\u00bb link_text_color=\u00bb#FFFFFF\u00bb header_5_text_color=\u00bb#FFFFFF\u00bb header_5_line_height=\u00bb1.8em\u00bb text_font_size_tablet=\u00bb15px\u00bb text_font_size_phone=\u00bb14px\u00bb text_font_size_last_edited=\u00bbon|desktop\u00bb header_font_size_tablet=\u00bb55px\u00bb header_font_size_last_edited=\u00bboff|desktop\u00bb locked=\u00bboff\u00bb global_colors_info=\u00bb{}\u00bb]<\/p>\n<p>11.4905.5750<\/p>\n<p>[\/et_pb_text][et_pb_text _builder_version=\u00bb4.16&#8243; _module_preset=\u00bbc2a3d585-c259-4e5a-8faa-710c0e634348&#8243; text_font=\u00bbRoboto|500|||||||\u00bb text_text_color=\u00bb#FFFFFF\u00bb text_font_size=\u00bb16px\u00bb text_line_height=\u00bb1.6em\u00bb link_text_color=\u00bb#FFFFFF\u00bb header_5_text_color=\u00bb#FFFFFF\u00bb header_5_line_height=\u00bb1.8em\u00bb text_font_size_tablet=\u00bb15px\u00bb text_font_size_phone=\u00bb14px\u00bb text_font_size_last_edited=\u00bbon|desktop\u00bb header_font_size_tablet=\u00bb55px\u00bb header_font_size_last_edited=\u00bboff|desktop\u00bb locked=\u00bboff\u00bb global_colors_info=\u00bb{}\u00bb]<\/p>\n<p>11.4905.5757<\/p>\n<p>[\/et_pb_text][\/et_pb_column][et_pb_column type=\u00bb1_4&#8243; _builder_version=\u00bb4.16&#8243; _module_preset=\u00bbdefault\u00bb background_color=\u00bb#62acac\u00bb background_image=\u00bbhttp:\/\/institutouda.edu.ar\/wp-content\/uploads\/2023\/05\/high-school_17.png\u00bb background_size=\u00bbinitial\u00bb background_position=\u00bbtop_right\u00bb background_repeat=\u00bbrepeat-y\u00bb custom_padding=\u00bb40px|40px|40px|20px|true|false\u00bb global_colors_info=\u00bb{}\u00bb][et_pb_text _builder_version=\u00bb4.16&#8243; _module_preset=\u00bb5c989a74-8649-4b9a-a4a2-6d2b8ae2551c\u00bb header_4_font=\u00bbRoboto|700||on|||||\u00bb header_4_text_color=\u00bbrgba(255,255,255,0.5)\u00bb header_4_font_size=\u00bb12px\u00bb header_4_letter_spacing=\u00bb3px\u00bb header_4_line_height=\u00bb1.5em\u00bb custom_margin=\u00bb||0px||false|false\u00bb custom_margin_last_edited=\u00bboff|desktop\u00bb locked=\u00bboff\u00bb global_colors_info=\u00bb{}\u00bb]<\/p>\n<h4>WHATSAPP<\/h4>\n<p>[\/et_pb_text][et_pb_text _builder_version=\u00bb4.16&#8243; _module_preset=\u00bbc2a3d585-c259-4e5a-8faa-710c0e634348&#8243; text_font=\u00bbRoboto|500|||||||\u00bb text_text_color=\u00bb#FFFFFF\u00bb text_font_size=\u00bb16px\u00bb text_line_height=\u00bb1.6em\u00bb link_text_color=\u00bb#FFFFFF\u00bb header_5_text_color=\u00bb#FFFFFF\u00bb header_5_line_height=\u00bb1.8em\u00bb text_font_size_tablet=\u00bb15px\u00bb text_font_size_phone=\u00bb14px\u00bb text_font_size_last_edited=\u00bbon|desktop\u00bb header_font_size_tablet=\u00bb55px\u00bb header_font_size_last_edited=\u00bboff|desktop\u00bb locked=\u00bboff\u00bb global_colors_info=\u00bb{}\u00bb]<\/p>\n<p><a href=\"https:\/\/web.whatsapp.com\/send?phone=5491165977258&amp;text=%C2%A1Hola!\" target=\"_blank\" rel=\"noopener\">11.6597.7258<\/a> (solo mensajes escritos)<\/p>\n<p>[\/et_pb_text][\/et_pb_column][\/et_pb_row][\/et_pb_section]<\/p>\n","protected":false},"excerpt":{"rendered":"<p>Actualizaci\u00f3n acad\u00e9mica en Educaci\u00f3n y TIC: el uso de materiales digitales para la ense\u00f1anza<div class=\"et_pb_module dsm_icon_list dsm_icon_list_0\">\n\t\t\t\t\n\t\t\t\t\n\t\t\t\t\n\t\t\t\t\n\t\t\t\t\n\t\t\t\t\n\t\t\t\t<div class=\"et_pb_module_inner\">\n\t\t\t\t\t<ul class=\"dsm_icon_list_items dsm_icon_list_ltr_direction dsm_icon_list_layout_vertical\"><\/ul>\n\t\t\t\t<\/div>\n\t\t\t<\/div>Esta propuesta est\u00e1 orientada a fortalecer la formaci\u00f3n de docentes que buscan integrar de manera cr\u00edtica y significativa las tecnolog\u00edas digitales en sus pr\u00e1cticas de ense\u00f1anza.A lo largo del recorrido, se abordan lineamientos pedag\u00f3gicos y herramientas para el dise\u00f1o, [&hellip;]<\/p>\n","protected":false},"author":4,"featured_media":0,"parent":0,"menu_order":0,"comment_status":"closed","ping_status":"closed","template":"","meta":{"_et_pb_use_builder":"on","_et_pb_old_content":"","_et_gb_content_width":"","footnotes":""},"class_list":["post-629","page","type-page","status-publish","hentry"],"rttpg_featured_image_url":null,"rttpg_author":{"display_name":"Info Instituto","author_link":"https:\/\/institutouda.edu.ar\/?author=4"},"rttpg_comment":0,"rttpg_category":null,"rttpg_excerpt":"Actualizaci\u00f3n acad\u00e9mica en Educaci\u00f3n y TIC: el uso de materiales digitales para la ense\u00f1anza[dsm_icon_list _builder_version=\"4.21.0\" _module_preset=\"default\" global_colors_info=\"{}\"][\/dsm_icon_list]Esta propuesta est\u00e1 orientada a fortalecer la formaci\u00f3n de docentes que buscan integrar de manera cr\u00edtica y significativa las tecnolog\u00edas digitales en sus pr\u00e1cticas de ense\u00f1anza.A lo largo del recorrido, se abordan lineamientos pedag\u00f3gicos y herramientas para el dise\u00f1o,&hellip;","_links":{"self":[{"href":"https:\/\/institutouda.edu.ar\/index.php?rest_route=\/wp\/v2\/pages\/629","targetHints":{"allow":["GET"]}}],"collection":[{"href":"https:\/\/institutouda.edu.ar\/index.php?rest_route=\/wp\/v2\/pages"}],"about":[{"href":"https:\/\/institutouda.edu.ar\/index.php?rest_route=\/wp\/v2\/types\/page"}],"author":[{"embeddable":true,"href":"https:\/\/institutouda.edu.ar\/index.php?rest_route=\/wp\/v2\/users\/4"}],"replies":[{"embeddable":true,"href":"https:\/\/institutouda.edu.ar\/index.php?rest_route=%2Fwp%2Fv2%2Fcomments&post=629"}],"version-history":[{"count":7,"href":"https:\/\/institutouda.edu.ar\/index.php?rest_route=\/wp\/v2\/pages\/629\/revisions"}],"predecessor-version":[{"id":683,"href":"https:\/\/institutouda.edu.ar\/index.php?rest_route=\/wp\/v2\/pages\/629\/revisions\/683"}],"wp:attachment":[{"href":"https:\/\/institutouda.edu.ar\/index.php?rest_route=%2Fwp%2Fv2%2Fmedia&parent=629"}],"curies":[{"name":"wp","href":"https:\/\/api.w.org\/{rel}","templated":true}]}}